-5*p + 2*m + u. Determine b(p).
-4
Suppose 2*v - 5*z + 2 = 0, 4*v = 8*v - 4*z + 4. Let k(l) = l + 2. Determine k(v).
1
Suppose 0 = 3*h + 5*u - 2 + 7, -3*h + 5 = -5*u. Let f(j) = j**2 + j - 21. Calculate f(h).
-21
Let a be -1 + 0 - (2 - -2). Let d(z) = 3 - 26*z + 55*z - 28*z. What is d(a)?
-2
Let b be (5 + -4)*1*18. Suppose 0 = 2*q - q + 2*g + 7, -b = -q + 3*g. Suppose -q*n - 3 + 6 = 0. Let d(z) = 2*z**2 - 1. Give d(n).
1
Let o(c) = -2*c**2 - 5*c + 5. Let p(v) = -2*v**2 - 5*v + 4. Let u(i) = -5*o(i) + 6*p(i). Give u(-4).
-13
Let o(r) = -r**2 - r + 4. Let j(v) = -3*v**2 + 2*v**2 + 18*v - 7*v + 2*v**2. Let i be j(-11). Suppose -2*l + 2 + 4 = i. Give o(l).
-8
Let k(x) = -3*x**3 + 4*x - 3 - 3*x**2 + 0 + 6*x**3 - 4*x**3. What is k(-4)?
-3
Let y = 8 - 6. Suppose 3*l + y*b + 2 = 0, -5*l - 12 = 2*b - 2. Let s(j) = -3*j**2 + 3*j - 1. Let i(v) = 2*v**2 - v. Let g(k) = -5*i(k) - 3*s(k). Give g(l).
3
Suppose j - 27 - 7 = -5*w, 3*j - 62 = -5*w. Suppose -5*v = 4*x - 21, -2*v - v = x - j. Let p(y) = -y**3 + 4*y**2 + 5*y - 2. Determine p(v).
-2
Let w(x) = -3*x**3 + x**2 + 2*x + 1. Let j(f) = -2*f - 2. Let g be j(-9). Suppose -5*k + 2*v + g = 0, 18 = 2*k - 0*v + 5*v. Let m = k + -5. Calculate w(m).
3
Let q be (3 + -2)*-1 - -4. Suppose k = q*x + 2, -22 = -x + 4*x + 4*k. Let z(s) = -s**2 + s + 2. What is z(x)?
-4
Let s(j) be the second derivative of j**4/12 - 11*j**3/6 + 6*j**2 - 17*j. Give s(9).
-6
Let d = -9 - -12. Let z(k) = -k**2 + 3*k + 0 + 3*k - d. Let x be (-5)/2*(-1 - 1). What is z(x)?
2
Suppose -4*n = -2*j - 2, 9 = -j - 4*n - 10. Let i(u) = -4*u**2 - 4*u - 1. Let b(g) = -9*g**2 - 9*g - 2. Let l(s) = j*i(s) + 3*b(s). Determine l(-1).
1
Let a = -11 - -15. Suppose -8 = 2*c + 3*t, 2*t = -3*c + a*t + 1. Let l(v) = -v**3 + 2*v**2 + 2*v + 1. What is l(c)?
2
Let q(n) = -5*n - 1 + 24*n - 12*n - 9*n. Calculate q(-2).
3
Let w = -9 + 7. Let g = -4 + w. Let x(d) = 9*d**2 - 8*d + 1. Let i(o) = -8*o**2 + 7*o - 1. Let k(h) = g*i(h) - 5*x(h). Calculate k(2).
9
Let h(b) = b + 6. Suppose 4 = -2*g, -5*d - 38 = 2*g + 2*g. Calculate h(d).
0
Let a(y) = -1 - 6*y**2 + 7 - 6*y + 6*y**2 - y**2. Determine a(-7).
-1
Let i(d) = 4 - d + 6*d - 4*d - 3. Let p(q) = 1. Let j(m) = -2*i(m) + 3*p(m). What is j(-3)?
7
Let u(r) be the second derivative of r**4/12 + 5*r**3/6 + 2*r**2 - 19*r. Give u(-4).
0
Let b = -1 + 1. Let t(q) = -q**3 - 2*q**2 + 4*q. Let o(x) = 2*x**3 + 3*x**2 - 7*x - 1. Let g be (-24)/(-5) - 9/(-45). Let p(d) = g*t(d) + 3*o(d). Give p(b).
-3
Let t be (-4)/10 + 32/(-20). Let o = 3 - t. Let x(f) = 7*f + 10*f - 16*f. Determine x(o).
5
Let y be (1 + 4 + -4)*5. Let o(q) = -q**2 + 3*q + 4. Give o(y).
-6
Let b(g) = -3*g**3 - 2*g + 4. Let z(m) = 4*m**3 + 2*m - 5. Let r(t) = 5*b(t) + 4*z(t). Let f = 0 + 6. Let u = -8 + f. Calculate r(u).
-4
Let o be 1/3*-3 - 4. Let z(m) = 5 - 3*m + m - 6. Give z(o).
9
Let g(r) = 0*r**2 - 40 - 6*r + r**2 + 72 - 31. Determine g(4).
-7
Let c be (-144)/(-66) - (-4)/(-22). Let r(y) = 1 - 4*y**2 + 3*y**c + 4*y**2 - 4*y**2. Let d = 2 + -4. Calculate r(d).
-3
Let w(r) = -2*r - 4. Let s be (-7 - -2)*(-4)/(-5). Give w(s).
4
Let x(t) = 31*t + 2. Let f(o) = 15*o + 1. Let a(b) = 13*f(b) - 6*x(b). Determine a(-1).
-8
Let g(t) = -9*t - 20. Let b(p) = -6*p - 13. Let z(x) = 7*b(x) - 5*g(x). Let u be 32/(-6) - 14/21. What is z(u)?
-9
Let z(q) be the third derivative of -q**5/60 - 7*q**4/24 - q**3/6 + 15*q**2. Suppose 4*w + 14 = 2*w. Give z(w).
-1
Let d(i) be the second derivative of -i**5/20 + i**4/6 + i**3/2 + i. Suppose -7*o + 70 = -2*o. Suppose -2*s + s = -y + 8, 4*s = -2*y - o. Give d(y).
0
Let o(i) be the second derivative of -i**4/12 + 7*i**3/6 - 5*i**2/2 - 2*i. Give o(6).
1
Let s(b) = 4*b**2 + b - 7. Let y(t) = -3*t**2 - 5*t - 1. Let a(o) = o**2 + o. Let l(w) = -4*a(w) - y(w). Let n(q) = -3*l(q) - s(q). Determine n(-4).
4
Let w(a) = -a**2 + 8*a - 10. Let z be w(8). Let q be (-10)/z - (-1 - 0). Let x(l) = -l + 3*l + q*l - 6*l + l**3 + 1. Give x(1).
0
Let p be 37/13 + 8/52. Let d(l) be the first derivative of -2*l - 1/3*l**p + 2 + 5/2*l**2. Give d(5).
-2
Suppose -5*z - 4*d + 24 = 0, 0 = -3*z - 5*d - 1 + 18. Let h(l) = -l**2 + 4*l + 4. What is h(z)?
4
Suppose 0*u + 4*u - 2*w = 0, -5*u - 3 = -4*w. Let h be 1/((6/(-10))/(-3)). Let k(m) = 7*m - 5. Let x(r) = 4*r - 3. Let y(f) = h*x(f) - 3*k(f). Determine y(u).
-1
Let f = 38 + -28. Suppose -4*h - f = -14. Let g(k) = 10*k**3 + 2*k**2 - 2*k + 1. Determine g(h).
11
Let u(x) = x + 1. Let z(t) be the second derivative of t**4/12 + 3*t**3/2 + t**2/2 + t. Let j(a) = -5*u(a) + z(a). Calculate j(-5).
1
Suppose 10 + 24 = -4*y - 2*x, -2*y = 3*x + 27. Let u(p) = p**2 + 4*p - 6. Calculate u(y).
6
Suppose -f = 6*s - 2*s + 24, -f = -s - 1. Let n be (-2)/(-8) + 110/40. Let x(a) = 4*a - 1 - n*a - a + a. Determine x(s).
-6
Let o(n) = n - 1. Let r be 23/5 - (-2)/5. Let s be (-1 - r)/(7 + -8). Calculate o(s).
5
Suppose k - 25 = -23. Let y(g) = g**2 - 3*g. What is y(k)?
-2
Let q(u) = u**3 - 8*u**2 + u - 2. Let d(v) = 2*v**3 - 17*v**2 + v - 4. Let w(o) = 3*d(o) - 7*q(o). What is w(3)?
8
Let i(o) = o**3 + o**2 - 5*o - 2. Suppose 0 = s + 2*s + 30. Let p be (-8)/s*(-45)/(-6). Let g be p*2/8*-2. What is i(g)?
-5
Let s(k) = 5*k - 3. Let p be (-53)/(-6) - 9/(-54). Suppose -5*y - 8 = -p*y. Calculate s(y).
7
Let n = -3 - -4. Let f(r) = -r**2 - n - r + 3*r - 3*r**2. Suppose 13*y - 2*y - 11 = 0. Calculate f(y).
-3
Let z(l) = -l**2 - 8*l. Suppose -14*g - 80 - 4 = 0. Give z(g).
12
Let l(i) = -i**2 + 4*i - 1. Let c(n) = -n**2 + 4*n + 4. Let f be c(6). Let k = f + 13. Calculate l(k).
-6
Let q(j) = 3*j + 9. Let s = 29 - 35. Calculate q(s).
-9
Let r(s) = s**2 - 1. Let j(v) = -2*v**3 + 3*v**2. Let d be j(2). Give r(d).
15
Let g(x) = -x**2 + 3*x + 2. Suppose a - 5*q = 17, -2*a + 6*a + 4*q + 52 = 0. Let z = a - -12. What is g(z)?
-2
Let z(b) = -2*b**3 - b**3 - 4*b + 2*b**3 + 2 + 2*b**2. Let x = -24 + 26. Determine z(x).
-6
Let i(d) be the first derivative of d**5/30 - d**4/12 - d**3/2 - d**2/2 + 4. Let f(c) be the second derivative of i(c). Suppose g - 15 = -4*g. What is f(g)?
9
Let c(y) = 2*y**3 - 2*y**2 - y. Let q = 6 - 11. Let a be q/5 + (-6)/2. Let i be 10/(-8) - a/16. Give c(i).
-3
Let m(c) = 8*c**2 + 3 + 0*c + 0*c - 4. What is m(-1)?
7
Let s(x) be the third derivative of 0 - 3*x**2 + 1/2*x**3 - 1/12*x**5 + 0*x - 1/120*x**6 - 1/24*x**4. What is s(-5)?
8
Let n be 1/(((-15)/(-6))/5). Let a(y) = 1 + 10*y**3 + 5 - 11*y**3 - 5*y**2 + n*y. Suppose z + 1 = 2*i, -4*z = -4*i + 2*i + 16. Calculate a(z).
-4
Let x(s) = -1. Let v(u) = 4*u**2 + 10*u + 6. Let f(c) = -3*c**2 - 9*c - 6. Let j(r) = 3*f(r) + 2*v(r). Let z(d) = j(d) + 3*x(d). Determine z(-6).
-3
Let z(o) = 10*o**2 - 9*o**2 - 2*o - 3*o - 6. Determine z(5).
-6
Let b be -12*-2*(-2)/(-12). Let y(w) = -w**3 + 5*w**2 - 3*w - 1. Let z be y(b). Let u(q) = 4 + 0 + 5*q**2 - 4*q**2 - z*q. Determine u(3).
4
Suppose 3*s + 4 = -5*y + 17, 2*y + s - 6 = 0. Let c(x) = -5*x + 3. Let d(f) = -f. Let i(h) = c(h) - 6*d(h). Calculate i(y).
8
Suppose 0*k = -k - 2. Let m(l) be the second derivative of 1/2*l**3 + 3*l + 3/2*l**2 + 1/12*l**4 + 0. Determine m(k).
1
Let h(v) be the second derivative of v**3/3 - v**2/2 - v. Let g(p) be the first derivative of 3*p**2/2 + 3*p - 2. Let y be g(-2). Give h(y).
-7
Let i(h) be the first derivative of -1/3*h**3 - 1/2*h**2 - 2 - 4*h. Give i(-3).
-10
Let z(t) be the second derivative of t**5/120 - t**3/2 + 4*t. Let o(x) be the second derivative of z(x). What is o(0)?
0
Let c(z) = -z**2 - 4*z + 4. Let n(y) = -y**2 - 4*y + 5. Let h(b) = -2*c(b) + 3*n(b). Let g = 8 - 8. Let d = -5 - g. Determine h(d).
2
Let o(g) = -10*g - 2. Suppose 18 = 10*q - q. What is o(q)?
-22
Let o(l) = -l**2 - 2*l + 1. Suppose -y = 3 + 6. Let v be y/(-3)*15/9. Suppose 4*p + p - 40 = 5*d, 0 = v*d + p + 10. What is o(d)?
-2
Let g(z) be the first derivative of 4*z**3/3 + 3*z**2 - 4*z + 10. Let q(a) = -3 - 4*a + 6 - 3*a**2 + 0. Let t(b) = 5*g(b) + 7*q(b). Determine t(-1).
-2
Let t(m) = -2*m**3 - 17*m**2 - 15*m - 12. Let g(q) = -q**3 - 9*q**2 - 8*q - 6. Let a(w) = -5*g(w) + 2*t(w). Calculate a(-10).
6
Let b(v) = 0*v**2 - 8 + 24*v - 32*v - v**2. Suppose -c - 4 - 2 = 0. Calculate b(c).
4
Let r be (0 + 0)*5/(-10). Let j(z) = -z**3 - z**2 - z - 2. What is j(r)?
-2
Let m(q) = -q. Let w be m(-3). Let b be 0 + (w - (5 + -2)). Let f